{"id":265,"date":"2013-09-01T11:13:17","date_gmt":"2013-09-01T10:13:17","guid":{"rendered":"http:\/\/werkstattbigband.de\/wp\/?page_id=265"},"modified":"2019-09-03T11:47:53","modified_gmt":"2019-09-03T09:47:53","slug":"termine","status":"publish","type":"page","link":"https:\/\/werkstattbigband.de\/?page_id=265","title":{"rendered":"Konzerte"},"content":{"rendered":"<h3>2018<\/h3>\n<ul>\n<li>04.02. Werkstatt BigBand \u2013 Trumpets No End\n<ul>\n<li>Die Trompete ist in der Bigband nicht wegzudenken. Als Satzf\u00fchrerin der Brass-Section sowie als Soloinstrument ist sie flexibel und mit gro\u00dfer musikalischen Bandbreite einsetzbar. In der Geschichte &#8230; <a href=\"https:\/\/www.facebook.com\/events\/765261113645444\" target=\"_blank\" rel=\"noopener noreferrer\">Weiterlesen<\/a><\/li>\n<\/ul>\n<\/li>\n<\/ul>\n<h3 class=\"western\">2017<\/h3>\n<ul>\n<li>03.12. Big Band Christmas vol. 5\n<ul>\n<li>Bereits zum 5. Mal pr\u00e4sentiert die Werkstatt BigBand ihr Weihnachtskonzert im gro\u00dfen Big Band Sound im Konzertsaal der HfM Dresden. In diesem Jahr gibt es unter anderem eine Bearbeitung der Nussknacker Suite &#8230; <a href=\"https:\/\/www.facebook.com\/events\/367086517038756\" target=\"_blank\" rel=\"noopener noreferrer\">Weiterlesen<\/a><\/li>\n<\/ul>\n<\/li>\n<li>15.11. Werkstatt BigBand @Werkst\u00e4tten Hellerau\n<ul>\n<li>Zur Einstimmung auf die Weihnachtszeit pr\u00e4sentiert die Werkstatt BigBand ein Programm aus weltlichen Bigbandklassikern von Count Basie und Duke Ellington aber auch besinnliche Titel aus ihrem Repertoire &#8230; <a href=\"https:\/\/www.facebook.com\/events\/125782508068769\" target=\"_blank\" rel=\"noopener noreferrer\">Weiterlesen<\/a><\/li>\n<\/ul>\n<\/li>\n<li>18.08. O-See Challenge meets Bigband\n<ul>\n<li><a href=\"https:\/\/www.facebook.com\/events\/473012559747835\" target=\"_blank\" rel=\"noopener noreferrer\">Weiterlesen<\/a><\/li>\n<\/ul>\n<\/li>\n<li>09.07. Semesterabschlusskonzert der Werkstatt Big Band\n<ul>\n<li>Ein ganzes Konzertprogramm dem Swing zu widmen, das hat sich die Werkstatt Big Band ander HfM Dresden f\u00fcr den Sommer vorgenommen. Die gro\u00dfe Swing \u00c4ra lebt wieder auf mit Benny Goodman, Count Basie &#8230; <a href=\"https:\/\/www.facebook.com\/events\/131534044070980\" target=\"_blank\" rel=\"noopener noreferrer\">Weiterlesen<\/a><\/li>\n<\/ul>\n<\/li>\n<li>29.01. Big Band Evolution\n<ul>\n<li>Unter dem Motto &#8222;Big Band Evolution&#8220; geht die Werkstatt Big Band Dresden mit ihren Zuh\u00f6rern auf eine Reise quer durch die Geschichte und Entwicklung der Big-Band-Musik. &#8212; Musikalische Leitung: Seba&#8230; <a href=\"https:\/\/www.facebook.com\/events\/1295893697141143\" target=\"_blank\" rel=\"noopener noreferrer\">Weiterlesen<\/a><\/li>\n<\/ul>\n<\/li>\n<\/ul>\n<h3 class=\"western\">2016<\/h3>\n<ul>\n<li>03. und 04.12. BigBand Christmas\n<ul>\n<li>Zur Einstimmung auf die Advents- und Weihnachtszeit pr\u00e4sentieren wir auch dieses Jahr wieder weihnachtliche Kl\u00e4nge im BigBand-Gewand. Wie \u00fcblich werden bekannte Weihnachstlieder in eher unbekannte&#8230; <a href=\"https:\/\/www.facebook.com\/events\/1753419564918020\" target=\"_blank\" rel=\"noopener noreferrer\">Weiterlesen<\/a><\/li>\n<\/ul>\n<\/li>\n<li>26.11. Werkstatt BigBand at Swing Band Ball\n<ul>\n<li>In K\u00fcrze werden wir die Ehre haben zusammen mit Tom G\u00e4bel beim Swing Band Ball der Jazztage Dresden aufzutreten. Weitere Infos zum Programm findet ihr hier: https:\/\/www.jazztage-dresden.de\/de\/progr&#8230; <a href=\"https:\/\/www.facebook.com\/events\/2153790908180272\" target=\"_blank\" rel=\"noopener noreferrer\">Weiterlesen<\/a><\/li>\n<\/ul>\n<\/li>\n<li>26.06. A Hot Night \u2013 Latin Jazz for Big Band\n<ul>\n<li>Passend zur hei\u00dfen Jahreszeit pr\u00e4sentiert die Werkstatt BigBand ihr Programm &#8222;A Hot Night \u2013 Latin Jazz for Big Band&#8220;. In diesem widmet sich die Band dem Latin, einer sehr temperamentvollen und rhy&#8230; <a href=\"https:\/\/www.facebook.com\/events\/592460670921034\" target=\"_blank\" rel=\"noopener noreferrer\">Weiterlesen<\/a><\/li>\n<\/ul>\n<\/li>\n<li>30.01. Deckname: Tanzorchester \u2013 Die Bigband in der DDR\n<ul>\n<li>Die Dresdner Tanzsinfoniker, Klaus Lenz, Fips Fleischer, Kurt Edelhagen, Horst Fischer, Walter Dobschinski\u2026 viele tolle Musiker und Bandleiter gab es damals im Osten. Leider wird deren Musik eher se&#8230; <a href=\"https:\/\/www.facebook.com\/events\/514766178692904\" target=\"_blank\" rel=\"noopener noreferrer\">Weiterlesen<\/a><\/li>\n<\/ul>\n<\/li>\n<\/ul>\n<h3 class=\"western\">2015<\/h3>\n<ul>\n<li>28. und 29.11. A Big Band Christmas \u2013 Weihnachtskonzert der Werkstattbigband\n<ul>\n<li>Zur Einstimmung auf die Weihnachtszeit pr\u00e4sentiert die Werkstattbigband an der HfM Dresden bekannte Weihnachtslieder im Big Band Sound. Erweitert wird die klassische Big Band-Besetzung um einen Strei&#8230; <a href=\"https:\/\/www.facebook.com\/events\/625800987522242\" target=\"_blank\" rel=\"noopener noreferrer\">Weiterlesen<\/a><\/li>\n<\/ul>\n<\/li>\n<li>21.06. Frank Sinatra \u2013 100. Geburtstag\n<ul>\n<li>Die Werkstatt BigBand pr\u00e4sentiert anl\u00e4sslich des 100. Geburtstag von Frank Sinatra in der HfM Dresden ein Konzert mit seiner Musik. An so einem Abend d\u00fcrfen die gro\u00dfen Hits wie &#8222;New York, New York&#8230; <a href=\"https:\/\/www.facebook.com\/events\/678890872214883\" target=\"_blank\" rel=\"noopener noreferrer\">Weiterlesen<\/a><\/li>\n<\/ul>\n<\/li>\n<li>08.02. \u201eA Tribute To Peter Herbolzheimer\u201c\n<ul>\n<li>Das Aktuelle Programm f\u00fchrt Sie und uns zur Musik des Musikers, Arrangeurs, Komponisten und Bandleaders Peter Herbolzheimer. Er galt und gilt als einer der einflussreichsten deutschen Bandleader sein&#8230; <a href=\"https:\/\/www.facebook.com\/events\/500942333381005\" target=\"_blank\" rel=\"noopener noreferrer\">Weiterlesen<\/a><\/li>\n<\/ul>\n<\/li>\n<\/ul>\n<h3 class=\"western\">2014<\/h3>\n<ul>\n<li>30.11. BigBand Christmas\n<ul>\n<li>Das erste Weihnachtskonzert der Werstatt BigBand Dresden e.V., gemeinsam mit Streichern des Werkstattorchesters Dresden. Nach der \u00fcberaus erfolgreichen Zusammenarbeit zwischen dem klassischen Orchest&#8230; <a href=\"https:\/\/www.facebook.com\/events\/981972128496649\" target=\"_blank\" rel=\"noopener noreferrer\">Weiterlesen<\/a><\/li>\n<\/ul>\n<\/li>\n<li>19.07. Klassik meets Jazz #3\n<ul>\n<li>!Benefizkonzert zum Wiederaufbau des Turmes der Lukaskirche! Unter dem Motto \u201cKlassik meets Jazz\u201d bereiten wir uns derzeit gemeinsam mit dem Werkstattorchester Dresden auf 3 phantastische und einm&#8230; <a href=\"https:\/\/www.facebook.com\/events\/1474543916116723\" target=\"_blank\" rel=\"noopener noreferrer\">Weiterlesen<\/a><\/li>\n<\/ul>\n<\/li>\n<li>29.06. und 06.07. Klassik meets Jazz #1 und #2\n<ul>\n<li>Unter dem Motto \u201cKlassik meets Jazz\u201d bereiten wir uns derzeit gemeinsam mit dem Werkstattorchester Dresden auf 3 phantastische und einmalige Konzerte vor. Dabei \u00fcberwinden \u00fcber 70 Dresdner Stude&#8230; <a href=\"https:\/\/www.facebook.com\/events\/229299297281391\" target=\"_blank\" rel=\"noopener noreferrer\">Weiterlesen<\/a><\/li>\n<\/ul>\n<\/li>\n<li>09.02. Basie Straight Ahead\n<ul>\n<li>Es ist bald soweit: Das gro\u00dfe Semesterkonzert der Werkstatt BigBand Dresden e.V. im Konzertsaal der HfM Dresden. Dieses Mal auf dem Programm: Basie Straight Ahead. Viel Swing, viel Count Basie, aber &#8230; <a href=\"https:\/\/www.facebook.com\/events\/579491665465784\" target=\"_blank\" rel=\"noopener noreferrer\">Weiterlesen<\/a><\/li>\n<\/ul>\n<\/li>\n<\/ul>\n<h3 class=\"western\">2013<\/h3>\n<ul>\n<li>23.06. BigBand Caf\u00e9\n<ul>\n<li>Unser Semesterh\u00f6hepunkt. Ein weiterer musikalischer Leckerbissen in der kulinarischen Konzertreihe im heimischen Konzertsaal der Hochschule. Es erwartet Euch ein \u00e4u\u00dferst abwechslungsreiches Programm &#8230; <a href=\"https:\/\/www.facebook.com\/events\/461089113976023\" target=\"_blank\" rel=\"noopener noreferrer\">Weiterlesen<\/a><\/li>\n<\/ul>\n<\/li>\n<li>15.05. UniAir Bandwettbewerb\n<ul>\n<li>Wir sind dabei! Zum Newcomer Bandwettbewerb des Studentenwerks werden wir ein 30min\u00fctiges Programm auf die Beine stellen. Kommt zahlreich, ladet Freunde ein und unterst\u00fctzt uns =) !!! Wir freuen &#8230; <a href=\"https:\/\/www.facebook.com\/events\/148548958647071\" target=\"_blank\" rel=\"noopener noreferrer\">Weiterlesen<\/a><\/li>\n<\/ul>\n<\/li>\n<li>04.05. TU Campus Classics meets Werkstatt BigBand Dresden\n<ul>\n<li>Die Oldtimerausfahrt rund um die Universit\u00e4t! In diesem Jahr begleitet von einem Konzert der Werkstatt BigBand Dresden. Wir freuen uns sehr \u00fcber alle Besucher! <a href=\"https:\/\/www.facebook.com\/events\/356017481169558\" target=\"_blank\" rel=\"noopener noreferrer\">Weiterlesen<\/a><\/li>\n<\/ul>\n<\/li>\n<\/ul>\n<h3>2017<\/h3>\n<ul>\n<li>Dampf &amp; Dixie &#8211; 9. Dampfloktreffen Dresden<\/li>\n<\/ul>\n<p>&nbsp;<\/p>\n<h3>2014<\/h3>\n<ul>\n<li>Architektursommer Dresden<\/li>\n<li>TU Campus Classics<\/li>\n<li>Lange Nacht der Musik &#8211; Brauhaus Zwickau<\/li>\n<\/ul>\n<h3>2013<\/h3>\n<ul>\n<li>Verleihung des s\u00e4chsischen Integrationspreises &#8211; Landtag Dresden<\/li>\n<li>Mandau Jazz Festival &#8211; Mittelherwigsdorf<\/li>\n<li>BigBand Dinner &#8211; HfM Dresden<\/li>\n<li>Festival Contre Le Racisme<\/li>\n<li>Architektursommer Dresden<\/li>\n<\/ul>\n<h3>2012<\/h3>\n<ul>\n<li>Big Band Fr\u00fchst\u00fcck &#8211; HfM Dresden<\/li>\n<li>Blaue Fabrik Dresden<\/li>\n<li>Kunstkonzert &#8211; HfM Dresden<\/li>\n<\/ul>\n","protected":false},"excerpt":{"rendered":"<p>2018 04.02. Werkstatt BigBand \u2013 Trumpets No End Die Trompete ist in der Bigband nicht wegzudenken. Als Satzf\u00fchrerin der Brass-Section sowie als Soloinstrument ist sie flexibel und mit gro\u00dfer musikalischen Bandbreite einsetzbar. In der Geschichte &#8230; Weiterlesen 2017 03.12. Big &hellip; <a href=\"https:\/\/werkstattbigband.de\/?page_id=265\">Weiterlesen <span class=\"meta-nav\">&rarr;<\/span><\/a><\/p>\n","protected":false},"author":7,"featured_media":0,"parent":0,"menu_order":0,"comment_status":"closed","ping_status":"closed","template":"","meta":{"ngg_post_thumbnail":0},"_links":{"self":[{"href":"https:\/\/werkstattbigband.de\/index.php?rest_route=\/wp\/v2\/pages\/265"}],"collection":[{"href":"https:\/\/werkstattbigband.de\/index.php?rest_route=\/wp\/v2\/pages"}],"about":[{"href":"https:\/\/werkstattbigband.de\/index.php?rest_route=\/wp\/v2\/types\/page"}],"author":[{"embeddable":true,"href":"https:\/\/werkstattbigband.de\/index.php?rest_route=\/wp\/v2\/users\/7"}],"replies":[{"embeddable":true,"href":"https:\/\/werkstattbigband.de\/index.php?rest_route=%2Fwp%2Fv2%2Fcomments&post=265"}],"version-history":[{"count":14,"href":"https:\/\/werkstattbigband.de\/index.php?rest_route=\/wp\/v2\/pages\/265\/revisions"}],"predecessor-version":[{"id":2740,"href":"https:\/\/werkstattbigband.de\/index.php?rest_route=\/wp\/v2\/pages\/265\/revisions\/2740"}],"wp:attachment":[{"href":"https:\/\/werkstattbigband.de\/index.php?rest_route=%2Fwp%2Fv2%2Fmedia&parent=265"}],"curies":[{"name":"wp","href":"https:\/\/api.w.org\/{rel}","templated":true}]}}